. Suppose 5 = b - h*g, -2*b = -5*g - 9 - 1. Determine m(b).
-1
Suppose -6*v + 8*v = 106. Suppose -5*o + 22 = -v. Let s = o - 7. Let l(b) = b**3 - 7*b**2 - 9*b + 6. Give l(s).
-2
Let n(q) = -q**3 + 4*q**2 - 4*q + 3. Let y(w) = -8*w + 3. Let p be y(0). Suppose -3*t - 3*b - 6 = -21, b + 11 = p*t. Calculate n(t).
-13
Suppose 4*c - 8 = -0. Let l(u) = -1 - c*u + 9 + 4*u. What is l(-7)?
-6
Let j(o) = -3*o - 5. Let p(h) = -2*h - 3. Let n(a) = 5*j(a) - 8*p(a). Let w = -76 + 57. Let v(g) = g + 17. Let b be v(w). Calculate n(b).
-3
Let n(x) = 2*x**3 - 2*x**2 - 2*x**3 + 2*x - 2*x**3. Let m(i) = 22*i - 12 + 27*i - 50*i. Let w be m(-10). What is n(w)?
4
Let x(u) = -1 + u**2 - 5*u + 7 - 2 + 0. Suppose -5*i - 42 = -12*i. Give x(i).
10
Let b be (-1)/2*(-24 - -20). Let c be (22 - 1)*b/(5 + 1). Let i(l) = l**3 - 7*l**2 - 4*l + 10. What is i(c)?
-18
Let g(z) = 13 + 6*z - 2*z + 14 - 10*z - 44. Give g(-3).
1
Let z(i) = 3*i**2. Let r(g) = -g**2 - 9*g + 12. Let u(h) = -h**2 - 8*h + 13. Let m(b) = 2*r(b) - 3*u(b). Let v be m(-8). Calculate z(v).
3
Let t(g) = 2 + 4*g + 0 + 0 + 3*g**2 - g**2. Suppose -2*b - 14 = -10. Calculate t(b).
2
Let p be (2/8)/((-5)/(-40)). Let f(j) = -4 - 4*j - j**2 - p*j**2 - j**3 + 1. Let z be (4 - (-2)/(-2))/(-1). Calculate f(z).
9
Let x(r) = 1 + 4*r - 7 - 6 - 13 + 4. Calculate x(7).
7
Let q(j) be the first derivative of -1/3*j**3 + 2*j - j**2 - 11. What is q(2)?
-6
Suppose 25 = 5*l - 5*q, 29 = -l + 3*q + 28. Let x(a) = -2*a + 2. What is x(l)?
-14
Let m = -1605 - -1608. Let u = -5 + 10. Let r(s) = 3*s + 2 - s - u. Give r(m).
3
Let f(d) = -d**3 - 4*d**2 + 4*d + 1. Let g be (22/8)/(3/(-12)) - -6. Calculate f(g).
6
Suppose 0 = -q - 4*r - 9, -q + 1 = 2*q + 5*r. Suppose q*w = -2*w + 54. Let j(d) = d**3 - 6*d**2 - d + 2. Give j(w).
-4
Let p(f) = f**3 + f**2 + f - 3. Let o be 14/3*(-18)/(-21). Let y be ((0/(-1))/o)/2. Determine p(y).
-3
Let j(h) be the first derivative of 6*h**2 + h - 5. Determine j(1).
13
Let f(q) = 1056*q + 2*q**2 - q**2 - 2*q**2 + 1 - 1056*q. Let h = -5 + 2. Determine f(h).
-8
Let z be (-1 + 0)*-4 + -1. Let a(q) = 7*q + 2 + 2*q**2 + 4*q + q**z - 9*q. Calculate a(-2).
-2
Let z(q) = 18*q**2 - 13*q - 32. Let m(n) = -29*n**2 + 19*n + 48. Let c(s) = -5*m(s) - 8*z(s). Determine c(-7).
2
Suppose d - 4*d = 0. Suppose 0 = -10*t + 11*t - 7. Let p(i) = 6*i - 1 + 0*i - 2 - t*i. Determine p(d).
-3
Let t(l) = -2*l**2 + 5*l - 2. Let a(r) = r**3 - 18*r**2 + r - 14. Let f be a(18). Let s = 0 + f. Suppose -g = -5*g + 2*m + 2, -4*g - s*m + 32 = 0. What is t(g)?
-5
Let q(s) = 2*s**3 + s**2. Let d be (-8)/16 + 2/8*-2. What is q(d)?
-1
Let d(o) = -2*o + 5. Let i = 76 + -69. Let l be i - (4 + 6/(18/(-15))). Give d(l).
-11
Let j(m) = m - 1. Let o be 96/10 + (224/35 - 6). Let w be 2/4 - 58/(-4). Let s = o - w. Give j(s).
-6
Suppose 0 = -5*b + 2*d - 165, 2*d = -b - 57 + 12. Let a = b - -33. Let g(z) = -z**2 - z + 1. Give g(a).
-1
Let x = 226 - 221. Let k(v) = v**3 - 6*v**2 + v + 3. Determine k(x).
-17
Let m(d) = -40*d + 5. Let t be m(-3). Let n = t + -131. Let v(w) = w**3 + 6*w**2 - 2*w - 1. Determine v(n).
11
Let y(k) be the second derivative of 5/6*k**3 - 10*k + 5/12*k**4 - 3*k**2 - 1/20*k**5 + 0. Give y(6).
-12
Let c(g) = 71*g - 72*g - 5 + 31. What is c(11)?
15
Let c(u) = -u**3 - 4*u**2 + 2*u + 3. Let k be c(-4). Let s(d) = -2*d. Let f(h) = -h. Let x(b) = k*f(b) + 3*s(b). Give x(1).
-1
Let y = -162 + 152. Let m(u) = 2*u + 15. What is m(y)?
-5
Let t(s) be the third derivative of 0 - 1/24*s**4 + 1/120*s**6 + 2*s**2 + 0*s + 0*s**5 + 0*s**3. Let v(u) = -u**2 - 2*u - 2. Let i be v(-2). Determine t(i).
-6
Let t(m) = 18*m**2 - 8*m - 3. Let g(z) = 16*z**2 - 7*z - 2. Let d(k) = -5*g(k) + 4*t(k). Calculate d(1).
-7
Suppose 5*f - 121 = x, f + 3*f + 5*x = 91. Suppose 21*q = 17*q - f. Let r(c) = c**2 + 6*c - 1. Determine r(q).
-1
Suppose 0*b - 2*b + 20 = 0. Suppose -5 = -3*h + b. Let s(z) = z**3 - 4*z**2 - 5*z + 6. Determine s(h).
6
Let q be (-18)/45 + (-42)/(-5). Suppose q = -0*z + 4*z. Suppose 3*g - 2 = z*y - 5, 2 = y - g. Let l(k) = -k**3 + 3*k**2 + 2*k - 3. Determine l(y).
3
Let c(j) = -3*j + 3. Let a(w) be the second derivative of -w**4/12 - 11*w**3/6 + 29*w**2/2 + 4*w. Let t be a(-13). Calculate c(t).
-6
Let a(t) = 7*t + 7*t**3 - 8*t**3 - 7*t - 7. Suppose 3*w = -0*w. Suppose 0 = -w*q - q. Determine a(q).
-7
Let n be (-72)/(-9) + (0 - 2). Let k(r) = -5*r + 1. Let l(c) = 14*c - 2. Let w(s) = n*l(s) + 17*k(s). What is w(5)?
0
Suppose 14 = -c + 3*b, -31 + 2 = -4*c - 5*b. Let m(z) = 0 + 19*z**2 - 6*z - 20*z**2 + c. What is m(-6)?
1
Suppose 4*l + 0 = -2*p - 10, -l - p = 0. Let g(t) = 5*t**2 + 2*t**3 + 4*t**3 + 4 + 0*t**2 - 5*t**3 + 2*t. Calculate g(l).
-6
Let q(w) = -w**3 + 2*w**2 + 7*w - 6. Let n(d) = -d**2 + 4*d + 13. Let a be n(6). Let g be a/(3*4/48). Determine q(g).
-10
Let l(r) = 2*r**2 + 1. Let f = -56 - -66. Suppose 3*d + 4 = -2*d + v, 5*v + f = -5*d. Give l(d).
3
Let i = 14 + -19. Let o be (15/i)/((-3)/4). Let j(t) = 3*t - 2. Let c(b) = -7*b + 3. Let p(q) = 2*c(q) + 5*j(q). What is p(o)?
0
Let u(a) = -5*a**2 + 16*a - 5. Let p(m) = m**2 - 1. Let h(o) = -4*p(o) - u(o). Give h(15).
-6
Let p(z) be the second derivative of 17*z**4/12 + z**3/6 + z**2/2 + 17*z. Calculate p(-1).
17
Let x(d) = -d**3 + 102 - 102. Suppose -2 = -5*w + 2*y, 4*w + 0 + 8 = 4*y. Determine x(w).
-8
Let s(v) = 2*v + 30. Let u be 11 - 189/(10 + -3). Give s(u).
-2
Let q(v) = v**2. Let w(k) = -k**3 + 7*k**2 + 4. Let a(y) = 2*q(y) - w(y). Let s be (40/2)/(5 - 7 - -3). Suppose -3*c = l + 2 + 8, -4*c = s. What is a(l)?
-4
Let p(f) = -2*f**2 + 3*f + 1. Let r be p(-1). Let y(s) = 6*s - 12. Let g(i) = 5*i - 12. Let w(v) = r*y(v) + 5*g(v). Calculate w(10).
-2
Let x(j) = -j**3 - 2*j**2 - 2*j + 8. Let h be x(-3). Let q(d) = 5*d**2 + 22*d**3 - h*d**3 - 3*d + 6*d - 2 - 4*d. Calculate q(5).
-7
Let a = 27 + -24. Let s(v) = -v**3 + 4*v**2 - 3*v + 1. Determine s(a).
1
Suppose 10*n + 4 = 12*n. Let l(s) = 33*s**2 - 10*s - 8 - 16*s**n - 18*s**2. Calculate l(-8).
8
Suppose 5*v - 17 + 17 = 0. Suppose 3*c + 0*l - 4*l - 10 = v, -c - 4*l = 2. Let h(n) = -n + 1. Give h(c).
-1
Let t be 2/(-3 - 1/(-1)). Let d = 5 + t. Let r(m) be the third derivative of -m**4/12 + m**3/3 - 21*m**2. What is r(d)?
-6
Let p(m) = -m**2 + 8*m - 9. Let f be p(5). Let x(w) = w - 3. Let u be x(f). Let o(t) = -2*t**2 + 2*t + 2. What is o(u)?
-10
Let b = -62 - -66. Let a(c) = c**3 + c**2 - 2*c + 6. Let y(j) = -j**3 - j**2 + 2*j - 7. Let q(n) = b*a(n) + 3*y(n). Calculate q(-3).
-9
Suppose -4*q = -q - 36. Let c(m) = m**3 - 11*m**2 - 10*m - 9. Calculate c(q).
15
Suppose -485 + 177 = 14*n. Let r(o) = -o**3 - 21*o**2 + 23*o + 30. Give r(n).
8
Let d = -39 + 23. Let r = d - -23. Suppose r + 13 = 5*w. Let q(f) = -f**2 + 6*f - 4. Calculate q(w).
4
Let r(o) = -1 + 14*o + 6 - 17*o - o**2 + 0*o**2. Let q = -12 - -17. Suppose -4*y + 3*y = -3*b - 8, 0 = -q*y + 5*b. Determine r(y).
1
Let r(i) be the second derivative of -i**7/360 + i**6/360 + i**5/120 - 29*i**4/12 + 6*i. Let k(h) be the third derivative of r(h). Calculate k(-1).
-8
Let y(s) = 3*s**2 - 18. Let o(x) = -x**2 + 6. Let u(n) = -11*o(n) - 4*y(n). Suppose h - 4 = -2*c - 2, -2 = -3*h - 2*c. Calculate u(h).
6
Let k(s) = 4*s - 468 + 244 + 196. Determine k(9).
8
Let p(o) = o - 2. Let l(u) = -3*u - 3. Let w(j) = l(j) + 2*p(j). Calculate w(-5).
-2
Let r be 80/12 + -7 + (-79)/(-3). Suppose -4*z = r - 50. Let l(p) = p**3 - 6*p**2 - p + 7. Determine l(z).
1
Let b(x) = -x**2 + 2*x - 6. Let n(r) = 2*r**2 - 3*r + 11. Let o(a) = -13*b(a) - 6*n(a). Give o(8).
12
Let s(w) be the first derivative of -3*w**2/2 - 15*w + 316. Give s(-6).
3
Let h(a) = -12*a + 3. Let k(o) = 13*o - 4. Let p = 40 - 47. Let u(l) = p*h(l) - 6*k(l). Calculate u(-2).
-9
Let x(l) be the second derivative of 10*l + 0 - 1/6*l**3 + 0*l**2. Calculate x(-1).
1
Suppose -5*a - 40 = -4*m, 0*a - 24 = 3*a - 5*m. Let h = a - -2. Let t(l) = -3*l - l**2 - 4*l + 1 + 3 - 5. Determine t(h).
5
Let t(o) = 13*o - 6*o**2 - 5 + 8 - o**3 - 2 - 3 - 5*o. Give t(-7).
-9
Let j(x) = x**2 + 11*x + 9. Let w be 15/3 - (-56)/(-4). What is j(w)?
-9
Let p(i) = -5*i**2 - 4*i + 1. Let t(k) = 21*k**2 + 17*k - 4. Let w(n) = 9*p(n) + 2*t(n). Determine w(1).
-4
Let w(i) = -i**3 - 6*i**2 + 7*i + 5. Let v be w(-7). Let b(y) = -y**2 - 5*y + 8. Let j be b(-6). Let u(s) = -j*s + 2 + 0